at is x(-2)?
-97
Let d(f) = -2*f**2 - 308*f - 126. What is d(-152)?
482
Let r(l) = -720*l - 7681. Calculate r(-11).
239
Let w(j) = -j**3 - 149*j**2 + 18*j + 166. Give w(-149).
-2516
Let d(y) = 12*y**2 - 960*y - 844. Determine d(81).
128
Let j(t) = -1537*t - 19244. Determine j(-12).
-800
Let t(l) = l**2 - 68*l - 684. Determine t(48).
-1644
Let m(y) = 368*y + 14136. Calculate m(-39).
-216
Let s(y) = 2*y**3 - 4*y**2 + 281*y - 1090. Determine s(4).
98
Let o(b) = -498*b**2 + 719*b + 719. Calculate o(-1).
-498
Let m(t) = t**3 - 6*t**2 + 3483*t - 17398. What is m(5)?
-8
Let l(z) = 2*z**2 - 70*z + 1099. Determine l(23).
547
Let p(t) = -6310*t - 25459. Give p(-4).
-219
Let z(v) = 60*v + 6279. What is z(-92)?
759
Let l(w) = 176*w**2 + 236*w - 468. Determine l(2).
708
Let b(f) = -2*f**3 - 12*f**2 - 36*f + 165. Give b(3).
-105
Let f(l) = -6*l**3 + 72*l**2 + 512*l - 22. Determine f(17).
12
Let i(r) = 7*r**2 + 888*r + 15569. Determine i(-21).
8
Let x(t) = -17484*t + 2640130. Calculate x(151).
46
Let s(z) = 88*z + 1557. Determine s(-20).
-203
Let g(r) = -129418*r - 2329539. Calculate g(-18).
-15
Let t(o) = -274*o - 1754. Calculate t(-4).
-658
Let w(r) = -r**3 - 60*r**2 - 608*r - 116. Calculate w(-47).
-257
Let k(o) = 83168*o + 52229510. Calculate k(-628).
6
Let d(q) = q**3 + 35*q**2 + 158*q + 3658. Determine d(-33).
622
Let c(r) = 1445*r - 127393. What is c(88)?
-233
Let d(w) = -2*w**3 - 54*w**2 + 3592*w + 139. What is d(31)?
15
Let c(k) = -2*k**2 - 2439*k - 12073. Give c(-5).
72
Let r(i) = -i**3 + 71*i**2 + 2916*i + 449. Determine r(-29).
-15
Let k(q) = -q**2 - 84336*q + 6077376. Give k(72).
0
Let g(h) = 19998*h + 160109. Give g(-8).
125
Let h(g) = -389*g**2 - 11681*g - 248. What is h(-30)?
82
Let t(b) = -2*b**3 - 34*b**2 - 302*b - 737. Calculate t(-9).
685
Let i(m) = -m**3 - 77*m**2 - 1032*m + 1754. Give i(-59).
-16
Let b(z) = -2099*z - 744986. Determine b(-355).
159
Let h(r) = -r**2 + 2176*r - 812779. Calculate h(479).
84
Let j(z) = -32*z**2 + 2689*z + 5373. Calculate j(-2).
-133
Let z(p) = -p**2 + 42518*p - 934909. Determine z(22).
3
Let h(q) = -q**2 - 1514*q - 188623. Give h(-137).
26
Let a(d) = 1797*d - 36197. Determine a(20).
-257
Let s(m) = 784*m**2 + 1643*m + 129. Give s(-2).
-21
Let q(v) = 8375*v - 2897754. Determine q(346).
-4
Let o(p) = -p**2 - 3391*p + 82087. Give o(24).
127
Let j(y) = -4*y**3 + 71*y**2 - 969*y + 17764. Determine j(18).
-2
Let l(d) = 2*d**3 + 400*d**2 - 802*d + 1258. Calculate l(-202).
46
Let r(l) = -9749*l - 39001. Calculate r(-4).
-5
Let m(s) = -72*s**2 - 424*s - 200. Give m(-4).
344
Let u(a) = 10*a**3 - 31*a**2 - 219*a - 57. Give u(-5).
-987
Let j(p) = -110747*p - 775409. Determine j(-7).
-180
Let f(z) = 22*z**2 + 2935*z - 1924. Calculate f(-134).
-182
Let d(m) = -m**2 - 84*m + 3572. What is d(31)?
7
Let b(k) = 30*k**2 - 8726*k + 16181. Calculate b(289).
-3
Let l(u) = 11*u**2 - 433*u - 1762. Give l(-7).
1808
Let q(x) = 373*x**3 + 18*x + 41. Give q(-2).
-2979
Let q(x) = -10*x**2 - 3700*x + 3702. What is q(1)?
-8
Let h(q) = -3172*q + 44526. Give h(14).
118
Let n(o) = -o**3 + 89*o**2 - 788*o + 1091. Determine n(79).
1249
Let f(m) = 32*m**2 + 3115*m + 1555. Determine f(-97).
488
Let z(v) = -v**2 + 840*v + 26097. What is z(-30)?
-3
Let r(j) = j**3 + 19*j**2 - 2*j - 1054. What is r(-13)?
-14
Let g(c) = 187292*c + 1498352. Determine g(-8).
16
Let k(z) = 650*z**2 + 580*z + 1. Determine k(-1).
71
Let g(h) = 15880*h - 2524911. Give g(159).
9
Let a(j) = -j**2 + 2218*j + 85740. What is a(-38)?
12
Let a(g) = 18940*g**2 + 18944*g + 1. Give a(-1).
-3
Let d(a) = 36619*a - 73239. Calculate d(2).
-1
Let y(s) = -2722*s - 14015. Determine y(-5).
-405
Let f(c) = 2*c**2 - 46*c + 463. Determine f(19).
311
Let l(f) = f**2 + 358*f - 712. What is l(2)?
8
Let i(d) = 15*d**2 - 4978*d - 25273. Calculate i(-5).
-8
Let w(t) = t**2 + 33186*t - 1528682. Determine w(46).
-10
Let n(g) = -2*g**3 + 135*g**2 - 2279*g + 179. What is n(32)?
-45
Let g(h) = -4196*h**2 - 16773*h - 24. Give g(-4).
-68
Let b(z) = -123439*z + 2468821. Determine b(20).
41
Let i(w) = 96*w**2 + 4989*w - 5219. Give i(-53).
28
Let m(n) = -2*n**2 - 393*n - 16260. Give m(-58).
-194
Let l(n) = -131*n**2 - 699*n - 920. Give l(-2).
-46
Let w(h) = 1141*h**2 + 147*h + 146. What is w(-1)?
1140
Let d(b) = -494*b + 12083. Give d(27).
-1255
Let q(j) = -j**3 + 9*j**2 + 260*j - 1347. What is q(5)?
53
Let z(g) = -3690*g + 86718. Calculate z(23).
1848
Let i(w) = w**3 - 57*w**2 + 332*w - 18728. Determine i(57).
196
Let u(m) = 404*m + 1099. What is u(-7)?
-1729
Let i(d) = 2*d**3 - 56*d**2 + 215*d + 1310. Calculate i(22).
232
Let y(p) = -129*p - 25707. Determine y(-192).
-939
Let k(y) = 2*y**2 - 1255*y + 168190. What is k(194)?
-8
Let l(n) = 1299*n + 28407. Calculate l(-21).
1128
Let h(g) = -4*g**2 + 535*g + 3956. What is h(-7)?
15
Let g(h) = h**3 - 8*h**2 - 168*h + 1165. Give g(14).
-11
Let p(r) = -4*r**2 - 639*r + 144442. Give p(-286).
12
Let s(j) = 15*j**3 - 316*j**2 + 16*j + 156. Determine s(21).
51
Let p(b) = -2283*b**2 - 45673*b - 267. Determine p(-20).
-7
Let l(w) = w**3 + 136*w**2 - 267*w - 17826. What is l(-137)?
-16
Let v(d) = -d**2 - 295*d + 12142. Determine v(37).
-142
Let d(a) = 5*a**3 + 672*a**2 - 9591*a + 115. Determine d(13).
-15
Let d(h) = 3*h**3 + 2*h**2 - 22109*h - 44216. Calculate d(-2).
-14
Let i(m) = -2748*m + 478158. Give i(174).
6
Let l(j) = 2*j**2 + 207*j + 793. What is l(-99)?
-98
Let b(a) = 354*a + 23989. Determine b(-68).
-83
Let f(t) = -t**3 - 132*t**2 + 260*t - 2202. Determine f(-134).
-1130
Let n(o) = o**2 - 333764*o + 3337518. What is n(10)?
-22
Let u(c) = -c**3 + 210*c**2 - 10899*c - 463. What is u(94)?
7
Let r(p) = -7*p**3 + 21*p**2 + 217*p - 662. What is r(3)?
-11
Let f(w) = 20*w**2 - 5484*w + 775. Give f(274).
-321
Let f(o) = 5607*o - 818627. Give f(146).
-5
Let y(d) = -89*d**2 - 37*d + 567. What is y(0)?
567
Let l(h) = h**3 + 30*h**2 - 472*h - 13885. What is l(-21)?
-4
Let v(a) = -2*a**3 + 2*a**2 - 177*a - 1081. Give v(-6).
485
Let q(u) = 7*u**2 + 1281*u - 85538. Determine q(-235).
2
Let y(p) = -p**3 - 107*p**2 - 1587*p + 1354. What is y(-89)?
19
Let j(a) = -a**3 + 12*a**2 + 6660*a - 40163. Give j(6).
13
Let y(v) = 171934*v - 859474. Give y(5).
196
Let g(u) = -5*u**2 - 63*u + 5070. Calculate g(26).
52
Let b(r) = r**2 + 361*r - 4046. What is b(11)?
46
Let z(v) = 5*v**2 + 1413*v - 15257. Determine z(11).
891
Let k(h) = -2*h**3 + 23*h**2 - 10*h + 115. Determine k(14).
-1005
Let m(s) = -13*s**2 + 19339*s - 38608. What is m(2)?
18
Let q(k) = k**3 - 40*k**2 + 7*k + 1. Calculate q(5).
-839
Let j(v) = 1029*v**2 - 3091*v + 8. What is j(3)?
-4
Let r(l) = 3*l**3 + 1547*l**2 + 4172*l + 34883. What is r(-513)?
-1
Let j(g) = -16*g**3 + 564*g**2 - 177*g + 873. Calculate j(35).
-422
Let z(m) = -2*m**3 + 34*m**2 + 27*m + 42. What is z(18)?
-120
Let x(l) = l**3 + 7*l**2 - 18*l - 15. Determine x(-10).
-135
Let u(z) = 279*z**2 - 956*z - 12. Calculate u(3).
-369
Let p(g) = -4*g**3 + 87*g**2 + 330*g + 209. What is p(-3)?
110
Let r(l) = l**2 + 713*l - 16124. What is r(21)?
-710
Let u(r) = -r**3 + 7*r**2 + 296*r - 2373. What is u(8)?
-69
Let x(l) = -2154*l - 30186. Determine x(-14).
-30
Let l(s) = s**3 + 7*s**2 - 26*s - 67. Determine l(-9).
5
Let r(v) = -9*v**2 + 216*v + 2. Calculate r(22).
398
Let q(v) = -2066*v - 6200. Give q(-4).
2064
Let r(q) = -363*q - 51199. Determine r(-141).
-16
Let k(w) = 29022*w - 377283. Give k(13).
3
Let y(q) = -q**2 + 730*q + 15745. Determine y(-21).
-26
Let c(a) = -a**3 + 5*a**2 + 32*a + 512. What is c(10)?
332
Let l(o) = -746528*o + 7465290. What is l(10)?
10
Let y(g) = -2*g**3 + 385*g**2 - 899*g + 62318. Give y(191).
52
Let o(x) = -391*x - 49675. What is o(-127)?
-18
Let c(w) = 63*w - 1005. Give c(18).
129
Let f(s) = 300*s + 84669. Calculate f(-277).
1569
Let c(w) = w**3 + 103*w**2 - 118*w - 1435. What is c(-104)?
21
Let k(l) = -4*l**2 - 566*l + 15956. Give k(24).
68
Let o(a) = -55*a**2 + 7015*a + 3328. Calculate o(128).
128
Let p(i) = i**2 - 9635*i + 173102. What is p(18)?
-4
Let j(a) = -2*a**3 + 118*a**2 - 616*a - 27. Calculate j(53).
1033
Let t(r) = r**3 + r**2 + 22372*r + 44731. Determine t(-2).
-17
Let a(m) = m**3 + 216*m**2 + 3200*m - 65. What is a(-200)?
-65
Let f(u) = u**2 - 95537*u - 4205565. What is f(-44)?
-1
Let p(l) = -2*l**2 + 443*l - 23848. What